pose -2*i = 3*r - 173, 0 = 2*r + 4*i - 29 - 73. Suppose 3*o - r = -o - 5*j, -5*j + 43 = 2*o. Calculate g(o).
-2
Let m = 121 + -76. Let z = 42 - m. Let b(o) = -o**3 - 2*o**2 + 3*o + 2. What is b(z)?
2
Let q(h) = -7506 + 0*h - 2*h + 7*h + 7497. Give q(2).
1
Let z(h) = -43*h + 538. Let n(c) = 31*c - 537. Let o(g) = 4*n(g) + 5*z(g). Calculate o(6).
-4
Let p be 632/(-52) - (-4)/26. Let c be (-5)/(-2)*p/(-40)*-8. Let v(k) = -k**2 - 5*k + 10. Give v(c).
4
Let s be ((-26)/(-4) - 4)*2. Let h be -1*s*(-54)/(-45). Let x = -11 - h. Let a(g) = -g**2 - 5*g - 2. Calculate a(x).
-2
Let u be 0/6 - (-24)/4. Let p(r) = r**3 - 7*r**2 + 17*r - 69. Let h be p(u). Let l(x) = x + 2. What is l(h)?
-1
Let k(o) = o + 26. Let j(m) = -27*m - 47. Let s be j(-10). Let r = s + -237. Calculate k(r).
12
Let w(b) = 6*b**3 - b. Let r(n) = -2*n**2 - 71*n - 45. Let f be r(-35). Let x(c) = -c**2 - 6*c + 41. Let o be x(f). What is w(o)?
5
Suppose 2*b + 6 = 3*b. Let p(x) = b - 6*x + 2*x + 2*x. Let i(o) = o**3 + 10*o**2 + o + 16. Let w be i(-10). Determine p(w).
-6
Let r be -10 + -10 + 5 - -19. Let b(n) = 23*n - 26. Determine b(r).
66
Suppose -3 = -0*u - u + i, 2*i = -2*u + 22. Suppose -3*g - 11 - u = 0. Let l(k) be the first derivative of -k**3/3 - 4*k**2 - 7*k - 2057. Determine l(g).
5
Let z(a) = -a**3 - 14*a**2 + 18*a + 46. Let y(n) = -2*n**3 + 26*n**2 - 87*n + 41. Let o be y(8). Calculate z(o).
1
Let j(v) = -3*v**2 + 4*v - 5. Let q = -7584 - -7585. Give j(q).
-4
Let r(i) be the first derivative of 17*i**3/3 + i + 473. Calculate r(1).
18
Let t(j) = -j - 1. Let n(p) = 5*p + 13. Let x(v) = n(v) + 2*t(v). Let c be x(-3). Let r(m) = 21 - 2*m + 21 + m**c + 21 - 67. Determine r(3).
-1
Let q be (-2)/1 + -3 + 14. Let d(a) be the second derivative of a**3/6 - 5*a**2/2 - 8*a - 322. Calculate d(q).
4
Let g(m) be the second derivative of m**5/20 + 5*m**4/3 + 19*m**3/6 + 11*m**2 - 633*m. Determine g(-19).
22
Let l(b) = -2*b + 13. Let i be l(8). Let s be (-2)/i*(-30)/(-20). Let g(c) be the second derivative of -11*c**5/20 - c**3/6 + c**2/2 - c - 27. Give g(s).
-11
Suppose 69*d = 74*d + 580. Let f = d + 110. Let j(g) = g**3 + 7*g**2 + 4*g. Give j(f).
12
Let a(j) be the third derivative of j**6/120 + j**5/60 - j**4/8 - j**3/6 + 6*j**2. Let t(h) = h**2 + 96*h - 609. Let l be t(-102). What is a(l)?
26
Let v = 0 - -1. Let q(i) be the third derivative of -13*i**5/30 + i**4/24 - 49330*i**2. Give q(v).
-25
Let z be ((-21)/63)/((-5 + 2)/72). Let q = 0 + 2. Suppose -3*k + 4*u = 2, -k - q*u + z = u. Let r(w) = -4*w**2 + 2*w + 1. What is r(k)?
-11
Let v(f) = 6*f - 23 + 0*f + f**2 - 58 - 27 + 104. Let u = 2 + -9. Calculate v(u).
3
Let n(q) be the first derivative of -q**4/24 - 2*q**3 - 23*q**2/2 - q + 48. Let a(i) be the second derivative of n(i). Determine a(-7).
-5
Let i(h) be the third derivative of -1/120*h**6 + 3/20*h**5 + 162*h**2 - 2 - 5/6*h**3 + 1/2*h**4 + 0*h. Determine i(10).
15
Let p(o) = 18 - 17*o**3 + 14*o**3 + 9*o + 0*o**3 - 5*o**2 + 2*o**3. What is p(-6)?
0
Let w(k) be the second derivative of 0 - 1/2*k**2 - 23*k + 1/6*k**3. What is w(7)?
6
Let v(q) = 142*q**2 - 7*q + 6. Let f be v(9). Let m(a) = -21*a**3 + f - 11445. What is m(-1)?
21
Let f(z) = 5*z + 7 + 2 - 8. Let u be (-4)/(-10) + (-3790)/(-25). Let a be (-6)/(-57) + 288/u. Give f(a).
11
Let j(w) be the second derivative of -w**4/3 + w**3/3 - w**2/2 - 28*w. Let c = 76 + -75. Calculate j(c).
-3
Suppose 217 - 110 = 4*i + 103. Let w(n) = -8*n**3 - 2*n**2 - n + 2. Give w(i).
-9
Let y(w) = 2*w**3 + 5*w - 2*w + 6*w - 5*w + 5*w**2. Suppose -47*z + 73 - 214 = 0. What is y(z)?
-21
Let a(s) = -s**3 + 128*s**2 + 129*s + 31. Let l be a(129). Let t(v) = v**2 - 38*v + 214. Determine t(l).
-3
Suppose 66*f + 2 = 67*f. Let a(n) = -2*n - 277 - 3*n**2 + 0*n - n**3 + 15*n**f + 293. Determine a(12).
-8
Let y(g) = g**3 + g**2 + g + 2. Let t(j) = -4*j**3 + 5*j**2 + 2*j - 8. Let u(k) = -t(k) - 5*y(k). Let q be -4 + -2 + 21 + -24. Calculate u(q).
-20
Suppose 2*p = -4*q - 26, -241*p + 31 = -4*q - 244*p. Let g(f) be the third derivative of f**4/12 - 2*f**3/3 + f**2. Calculate g(q).
-12
Let t(r) = -2*r**3 - 35*r**2 - 17*r + 3. Let o be t(-17). Let f(b) = 354*b**2 + 3 + 3*b - o - 353*b**2. Give f(-3).
0
Let q = 0 + -1. Let w(g) = 42*g**2 - 38*g - 5. Let h(a) = 63*a**2 - 53*a - 7. Let b(f) = 5*h(f) - 7*w(f). Calculate b(q).
20
Let h(n) be the first derivative of -n**3/3 + 9*n**2/2 - 24*n - 64. Calculate h(5).
-4
Suppose -4*h - 20 = -9*h. Let g = h - 2. Let w(i) = -i - 305. Let z(a) = a + 406. Let c(t) = -4*w(t) - 3*z(t). Give c(g).
4
Let g(q) = q**3 + 22*q**2 + 18*q - 11. Let l(c) = 2*c + 2. Let i(s) = g(s) + 2*l(s). Calculate i(-21).
-28
Let v be (-522)/16 + (297/(-24))/33. Let l be 5/(-20) + v/44. Let y(k) be the second derivative of -5*k**3/3 - 2*k. What is y(l)?
10
Suppose -4*o + 23 = 7*g + 11, -8 = -4*g - 2*o. Let h(l) be the third derivative of 5*l**4/24 - l**3/2 + 5*l**2. What is h(g)?
17
Suppose 0 = -6*y - 79 + 91. Let w(v) = 2*v - 58*v**3 + 0*v**2 + 57*v**3 + 3*v**y. What is w(3)?
6
Let o be (-4)/18 + (-440)/(-198). Let x(u) = -u + o*u - 4 - 1 - 2*u. Suppose -5 = j, 0 = -2*n + j + 3*j + 28. Determine x(n).
-9
Let j(k) = k - 6*k - 3*k. Let q(u) = u**3 - 16*u**2 - 32*u - 29. Let a be q(18). Suppose -a*d = -44*d + 1. Determine j(d).
-8
Let q(k) be the third derivative of -5*k**4/24 + 19*k**3/3 + 2062*k**2. What is q(10)?
-12
Suppose 9*k = k - 16. Let t(g) = -9*g**2 - g + 13. Let j(d) = -5*d**2 - d + 7. Suppose 0 = r - 1 + 8. Let b(x) = r*j(x) + 4*t(x). Calculate b(k).
-7
Let z(v) = 2 - 2*v + 7 - 15*v + 19*v - 3*v. What is z(6)?
3
Let x(n) be the first derivative of -18 - n + 8*n**2 - 11*n**2 + 0*n - 35. Give x(-1).
5
Let i(u) = -121*u + 9558. Let p be i(79). Let r(n) = -n**2 + 1. Let o(h) = -3*h**2 + 2*h. Let y(g) = -o(g) - r(g). Calculate y(p).
5
Let v(n) = n**2 + 12*n + 15. Let y be v(-9). Let k be (279/2)/3*y/(-18). Suppose 6 = k*f - 30*f. Let c(p) = p**3 - 4*p**2 - 7*p - 6. Determine c(f).
24
Let x be 5/(((-52)/8)/13). Let n(c) = c**2 + 4*c - 62. Let j be n(x). Let g(o) = 3*o**3 + 3*o**2 + 4*o + 2. Calculate g(j).
-18
Let s(v) = v**2 + 3*v - 5. Let u(h) = -h**2 - 4*h + 4. Let r(c) = c + 13. Let l be r(-10). Let q(p) = l*s(p) + 2*u(p). Give q(0).
-7
Let f(h) = -h - 8. Suppose -2*r + 12 = q - 3*q, 4*r = 3*q + 26. Suppose -r*y = -4*a - 3*y - 18, 5*y = -a - 17. Calculate f(a).
-1
Let d(x) = -30*x + 3 + 26*x + x**3 - 2 + 3*x**2. Suppose 10 = -0*h + h. Let v(w) = w - 13. Let a be v(h). Calculate d(a).
13
Let l(w) = -262 + w**3 + 510 - 8*w**2 - 6*w - 243 - 3*w. Calculate l(9).
5
Let t(w) = 125*w + 13. Let p(m) = -34*m + 5. Let s(u) = 3*p(u) + t(u). What is s(-5)?
-87
Let x(u) = -u**3 - 6*u**2 - 16*u - 30. Let f be x(-4). Let s(t) = -3*t**2 + 3*t + 5. Calculate s(f).
-1
Let z(y) = 0*y**3 - 3*y**2 + 3*y**3 - 3 + 0*y**3 - 3*y. Let i = -53147 + 53145. Give z(i).
-33
Let u(y) = -y**2 + 7*y - 1. Let o(t) = t**2 - 7*t + 1. Let g(w) = -2*o(w) - 3*u(w). Let v = 2960 + -2953. What is g(v)?
1
Let v(o) = 3*o**2 + 2 - 117398*o - o**3 + 0*o**2 + 2*o**2 + 117392*o. Let d(b) be the second derivative of b**3/3 - 2*b**2 + 3*b. Let y be d(4). Give v(y).
-6
Let x(b) = 2*b**2 - 6*b + 1. Suppose 7*a - 19 = 2*a - 2*j, 3*j = -4*a + 11. Suppose 19*o = 17*o - m + 11, -a*o = 5*m - 35. What is x(o)?
9
Let i = -5998 - -5997. Let k(g) = 26*g + 1. What is k(i)?
-25
Let f = 5942 - 5938. Let c(g) = -g**2 + 5*g - 6. Calculate c(f).
-2
Let m(k) be the second derivative of -k**5/20 - k**4/12 + 3*k**3/2 + 3*k**2 - 2964*k. What is m(-4)?
18
Suppose 3*x = -6, -1 = -w + 4*x - 3*x. Let z(m) = 13064 - 39199 + 17*m + 13068 + 13066. Calculate z(w).
-18
Let j = -348 + 355. Let y(z) = z + 1. Let l be y(1). Suppose -l*d - d = -j*d. Let a(f) = f**2 - 19. Determine a(d).
-19
Let x = 17726 - 17725. Let r(a) = 42*a - 9. What is r(x)?
33
Let n(m) = -m**2 - 8*m + 8. Suppose -4*d - 44 = 4*k - 132, 5*d - 66 = -3*k. Suppose 11*z + 66 = -k. Determine n(z).
8
Suppose 366*b - 362*b - m = 21, -4*b + 3*m = -31. Let u(r) = r**2 - 13*r - 4. Determine u(b).
-40
Let r be 2/4 + (-138)/(-12). Let u be r/21 + (-217)/(-49). Let v(m) = -2 - 9 + u*m + 5. Determine v(4).
14
Let j(a) = -a**3 - 7*a**2 + 2*a + 9. Let c be (-30)/9*(-6)/(-5). Let v = 11 + c. Let p be (-153)/21 - (6/v)/(-3). Calculate j(p).
-5
Let a(i) = -i + 8. Let b be